p(k)?
0
Suppose 20*i - 24*i = 8. Let m(t) = -7*t**2 - 9*t. Let z(d) = -4*d**2 - 5*d. Let c(v) = -3*m(v) + 5*z(v). Determine c(i).
0
Let f(b) = -b + 1. Let y = -5 + 3. Suppose s + 0*s - 4*l - 14 = 0, l = -3*s + 3. Let q = s + y. Determine f(q).
1
Let a(s) be the third derivative of 2 - 1/24*s**4 + 7/6*s**3 + 0*s + s**2. Determine a(0).
7
Let p(d) = -d + 1. Let m(k) = -18*k + 4. Let x(i) = m(i) - 5*p(i). Suppose -5*l + 12 = -l. Suppose 2*n = -n + l. What is x(n)?
-14
Suppose -11 = -3*j - 2. Let s(q) = 5*q + q - j*q. Give s(5).
15
Let w(v) = 4 - 1 - 9*v + 27*v - 12*v - v + v**2. Give w(-7).
17
Let w(c) be the third derivative of c**6/120 + c**5/12 + c**4/24 + 8*c**2. Let z be (4 + 50/(-15))/((-2)/12). Determine w(z).
12
Let v(l) = -9*l + 6. Suppose 25 = 2*f + 3*f. Let r(o) = 9 - 6*o + 2 - 7 + 0. Let h(m) = f*v(m) - 8*r(m). Give h(-2).
-8
Let k be ((-2)/4)/((-6)/12). Let i(b) = 9 - 3*b - 2*b - k + 4*b. Let o(z) = 1. Let p(r) = -i(r) - o(r). Give p(0).
-9
Let b(o) = -2*o**2 + 4*o - 9. Let x(p) = -6*p**2 + 11*p - 25. Let n(v) = 17*b(v) - 6*x(v). Give n(-3).
9
Let d(p) = 4*p**2 - 5*p - 6. Let q(a) = -5*a**2 + 5*a + 6. Let l(s) = -6*d(s) - 5*q(s). Calculate l(-4).
2
Let l(d) = 6*d**2 - 9*d - 8. Let u(v) = 7*v**2 - 10*v - 9. Let g(q) = 6*l(q) - 5*u(q). Suppose -4*y + 3*c + 20 = 0, -y = 2*y - c - 15. Determine g(y).
2
Suppose -3*w + w = 0. Let y(c) = 0 - 10 + 2*c + w*c - c. Give y(7).
-3
Let l(x) = 22*x - 10 - 33 - x - x**2 + 4 - 5. Give l(18).
10
Let n(u) be the third derivative of 7*u**6/120 - u**5/30 + u**4/8 - u**3/3 + 182*u**2 - u. Determine n(1).
6
Suppose -4 = 2*q - 6. Let z(p) be the third derivative of 1/30*p**6 + 2*p**2 + 1/24*p**4 + 0*p**5 + 0 + 0*p - 1/6*p**3. What is z(q)?
4
Let g(m) = m**2 - m. Let s(r) = r**2 - 4*r - 1. Let f(d) = 4*g(d) - 2*s(d). Let y be (3 - 10) + 3 + 1. Determine f(y).
8
Let i(y) = y**2 - 3*y - 1. Let h(c) = -c + 6. Let a be h(10). Let s be 81/18*a/(-6). Calculate i(s).
-1
Let z(b) = -2*b**2 - b + 3. Let y(f) = f**2 + f - 4. Let n(d) = 3*y(d) + 2*z(d). Let q(r) = 34*r + 2. Let i be q(1). Let k = i + -36. Determine n(k).
-6
Let o be (-1)/1 + -5 + 0. Let n(z) = -6*z + 798 - 796 + z**3 + z. Let g(s) = s**3 - s**2 - 5*s + 1. Let v(j) = -5*g(j) + 6*n(j). What is v(o)?
1
Let n(r) = -3*r**2 - 32*r - 11. Let y be n(-10). Let p(c) = c**3 - 8*c**2 - 8*c - 5. What is p(y)?
4
Let m(o) = o + 22. Let q be m(-14). Suppose q*f = 5*f + 12. Let n(u) = 4*u + f + 3 + 3*u - u**2 - 4. Determine n(6).
9
Let n(g) = 2*g**2 - 8*g. Let a(l) = l**3 - 15*l**2 + 6. Let f be a(15). What is n(f)?
24
Let c(q) = 10*q + 9*q**3 - 11*q - 6*q**2 + 9 + 8*q**3 - 7*q - 16*q**3. Suppose -2*r = -0*r - 14. Determine c(r).
2
Let d(h) = -h**3 + 9*h**2 - h + 8. Let y(j) = -15*j + 144. Let f be y(9). Give d(f).
-1
Suppose 5*h - 11 - 4 = 0. Suppose -9 = -0*b + h*b. Let i(o) = -9 - 9*o**2 + 6*o**2 + 6 - o**3. Determine i(b).
-3
Suppose -8*y + 6*y = k - 1, y = -3*k - 7. Let i(z) = 2*z**3 - z**2 + 2*z - 4. Calculate i(y).
12
Let k(r) = -r - 197 + 197. Determine k(-2).
2
Suppose -4*q + 1066 = 1098. Let p(i) = i**3 + 9*i**2 + 11*i + 27. Determine p(q).
3
Suppose 20 = c - w - 2*w, c + 20 = -5*w. Let r = 3 + -1. Let k(o) = 6 + o + o**r - 6*o - 2. Give k(c).
4
Let c be 1*3 + (-2 - 2) + 3. Let f(v) = -v**3 + 1 + v + 2*v**c - 5 - 2*v**2. What is f(0)?
-4
Let m be (-1)/(-4) + (-5)/4. Let h be m + (2 + -3)*-4. Let k(g) be the first derivative of g**2 - g + 170. Determine k(h).
5
Let t(m) be the second derivative of -m**4/12 + 8*m**3/3 - 7*m**2 + 9*m - 12. Calculate t(15).
1
Let u(a) = -a**3 + 2*a**2 + a + 1. Let y(t) = -3*t**3 + 12*t**2 - 7*t - 1. Let b(d) = -2*u(d) + y(d). Determine b(7).
-17
Let b(l) = -l - 4. Let u(w) = -3*w**3 + w**2 + w. Let d(h) = h**2 - 4*h + 3. Let k be d(2). Let v be u(k). Suppose -2*m = -y, m + 15 = -v*y - 6. Determine b(y).
2
Let l(j) be the second derivative of 14*j + 0 - 2*j**2 + 1/12*j**4 + 2/3*j**3. Give l(-4).
-4
Let l(b) = b**3 + 3*b**2 + 2*b - 4. Let k = -197 - -193. What is l(k)?
-28
Let l(d) = -2*d**3 + 50*d**2 - 46*d - 41. Let f be l(24). Let v(r) = -r**3 + 11*r**2 - 30*r + 8. Determine v(f).
-6
Let z be ((-1 - -2) + -2)/(32/(-192)). Let y(v) = -z + v + 5 - 13 + 5. Give y(7).
-2
Let h(n) = -n**3 - 3*n**2 + 2*n - 4. Suppose 0 = t - 2*o - 11, -2*t = 3*t + o - 22. Let b be t + -5 - (3 - (-1 - -1)). What is h(b)?
-10
Let t(j) = 10*j - 36. Let c(f) = -4*f + 16. Let s(i) = -7*c(i) - 3*t(i). Determine s(4).
-12
Let c(x) be the third derivative of x**5/5 + x**4/12 - x**3/2 + 2*x**2 - 80*x. What is c(1)?
11
Let m(d) = -12*d**3 + 8*d - 2*d + d**2 + 0*d - 4*d - 9*d**3 + 1. What is m(-1)?
21
Let g = 548 - 544. Let c(a) = a**2 - 3*a - 5. What is c(g)?
-1
Suppose 3*c = -5*r - 6 + 37, c - r - 5 = 0. Let t(w) = w**3 - 6*w**2 - 8*w + 7. Determine t(c).
0
Let b(w) = -14*w**2 - w - 9*w**2 + 22*w**2. Let t(x) = -15*x**2 - 4*x - 1. Let c(z) = 6*b(z) - t(z). Give c(1).
8
Let o(y) = -y**2 + 4*y - 2. Suppose 4*c = -3*u + 69, c + 35 = 2*u - 0*u. Let v = -17 + u. Suppose -5*k = 3*b - 34, v*k + 2*b - 13 = b. What is o(k)?
-7
Let p(z) = z**2 - 9*z + 1. Let j be 8/4 + (-4)/2 + 6. Give p(j).
-17
Let f = -207 + 300. Let v = -97 + f. Let g(j) = 5*j + 2. What is g(v)?
-18
Let h(s) = s**3 + 2*s**2 - 3*s. Let w = 89 - 93. Calculate h(w).
-20
Let q(t) = -8*t**3 + 3*t**2 - 14*t**2 - 12*t - 8 - 10*t**3 - 9*t**3 + 26*t**3. What is q(-10)?
12
Let n(l) = -21 + 2*l + 0*l - 5*l - 12 + 0. What is n(-11)?
0
Suppose 4*g = s, -5*s - 2*g = -0*s - 88. Let d(b) = -b**2 + 14*b + 28. Determine d(s).
-4
Let r(d) be the first derivative of 125 - 116 - 2*d - d**2 + 5*d. Give r(2).
-1
Let b(m) = 3*m + 4. Let j be b(4). Let p = -12 + j. Let q(t) = 3*t - 1 + 0 + 3*t**2 - 4*t**2 + 2*t. Determine q(p).
3
Let q(s) = s + 1. Suppose -6*g - 6 = -0. Let j(a) = -3 + 3*a**2 - 2*a**2 - 5*a - 2. Let l(t) = g*j(t) - 5*q(t). What is l(2)?
-4
Let z(l) = -2*l - 7. Suppose 2*o + 0*b = 5*b + 21, -5 = -5*o + 3*b. Let y(a) = -4*a - 4. Let m be y(o). Let n be (-14)/2 + m/4. Calculate z(n).
5
Let m = 8 + -7. Let t be (-4)/(0 - m/(-1)). Let u(o) = -6*o**2 + 10*o - 11. Let x(w) = 5*w**2 - 9*w + 10. Let b(c) = 6*u(c) + 7*x(c). Determine b(t).
0
Let y(r) = -2 + 3 + r - r**3 + 2*r**2 + 21 - 18*r**2. Give y(-16).
6
Suppose l + 4*n + 4 = 0, -8 = -4*l + n - 5*n. Let v(p) = -p**3 + 3*p**2 - 3*p + 1. Give v(l).
-27
Let x(s) be the third derivative of -s**5/30 + 13*s**4/24 + 7*s**3/6 - 5*s**2. Let j(v) = -v**2 + 6*v + 3. Let q(y) = 9*j(y) - 4*x(y). Determine q(1).
0
Let f(h) = -h**3 + 6*h**2 - 5*h + 2. Suppose -24 = 3*d + 36. Let i = d + 26. Suppose 0 = -5*r - 2*y + 28 - i, 0 = -2*r + 3*y + 5. Determine f(r).
14
Let s(r) = -3*r**2 + 5*r - 3. Let o(l) = 7*l**2 - 12*l + 8. Let u(c) = 2*o(c) + 5*s(c). Give u(4).
-11
Let u(l) = -l**3 + 16*l**2 + 17*l + 15. Let h be u(17). Suppose 0 = m + h - 21. Let k(n) = 0*n**2 - 1 + 3*n + 2*n - n**2. Determine k(m).
-7
Let i(g) be the first derivative of 7*g**5/60 - g**4/24 - g**3/6 + 11*g**2/2 - 2. Let y(n) be the second derivative of i(n). What is y(-1)?
7
Let q(u) be the first derivative of u**4/4 + u**3 - 7*u**2/2 - 8*u + 226. What is q(-4)?
4
Let u(v) = -v**2 - 2*v + 1. Let i(o) = -o**2 - 4*o + 3. Suppose 0 = -4*p + 192 - 0. Let y be (p/(-36))/((-2)/(-6)). Let j be i(y). Give u(j).
-14
Let r(x) be the third derivative of -x**4/12 + 5*x**3/6 - 8*x**2 - 4. Calculate r(3).
-1
Let v(b) = 8. Let q(z) = -z + 1. Let w = -54 - -53. Let c(u) = w*v(u) + q(u). What is c(-7)?
0
Let c(b) = -b**3 - 8*b**2 - 5*b - 8. Let v(d) = -d - 1. Let j(m) = -c(m) + v(m). What is j(-7)?
28
Let x(p) = -86*p**2 + 44*p**2 + 4 + 43*p**2. Determine x(0).
4
Let i(x) be the first derivative of 2*x**2 - 1/4*x**4 + 6*x - x**3 + 21. What is i(-4)?
6
Let r(i) be the first derivative of i**2/2 + 6*i + 124. Calculate r(-7).
-1
Let r(x) be the second derivative of 1/6*x**4 - 15*x - 1/10*x**5 - 1/3*x**3 + 0 + 1/2*x**2. Suppose 5*w = 1 + 4. What is r(w)?
-1
Let m(q) = -2*q**2 - 9*q + 4. Let j be m(-7). Let o = 35 + j. Let c(r) = r**2 - r - 2. What is c(o)?
10
Let n(c) = -c - 7. Suppose -i + 0*i = 9. Let k be n(i). Let m(x) be the first derivative of x**2 + 2*x - 13. What is m(k)?
6
Let f be (16 + -13)*(-370)/(-6). Let h = f + -190. Let g(i) = 2*i**3 - 6*i - 6*i**2 + 5 - 3*i**3 + 0*i. Calculate g(h).
10
Let k(f) = f - 1. Let a(v)